)?
1
Let m(k) = k**2 + 5*k - 9. Let a be m(-7). Suppose -2*j = -a*f + f + 32, -5*f + 27 = 4*j. What is the remainder when 2*(-3)/((-30)/155) is divided by f?
3
Let r = -139 + 181. Suppose -r = -4*w - d + 54, w - 5*d - 45 = 0. What is the remainder when w is divided by 17?
8
Let j(q) = -q**3 - 4*q**2 - 2*q - 16. What is the remainder when 0 + -4 - 828/(-4) is divided by j(-5)?
13
Suppose -4*g + 68 = -4. Let u be 2 + -1 - (-33)/(77/7). Suppose -w - 2*x + 12 = 0, 3*w + u*x - 24 = x. Calculate the remainder when g is divided by w.
2
What is the remainder when 3447 is divided by 33 - (13 + 3 + 16/(-2) + -4)?
25
Let u(i) = i**2 + 56*i - 248. Suppose c - 3*k = 20, 3*c - k - 66 = 2*k. Calculate the remainder when u(-62) is divided by c.
9
Suppose -20*l + 13*l + 364 = 0. Suppose -10*f + l + 108 = 0. What is the remainder when 79 is divided by f?
15
Suppose 5*b - 241 + 951 = 0. Let q be -1 + (6 - 1) - 74. Let w = q - b. Calculate the remainder when w is divided by 15.
12
Let t = -2425 + 2447. Calculate the remainder when 218 is divided by t.
20
Let s(k) = 7*k**3 - 70*k**2 + 3*k - 13. Calculate the remainder when 32 is divided by s(10).
15
Let i = -53 - -100. Suppose -f - 17 = -i. Suppose -4*n + 69 + 259 = 0. Calculate the remainder when n is divided by f.
22
Let v(j) = -2*j**2 + 84*j - 116. What is the remainder when 1574 is divided by v(10)?
2
Let o(k) = 3*k**2 - 2*k - 63. What is the remainder when 102 is divided by o(6)?
3
Let m(t) = -t**3 + 34*t**2 - 286*t - 10. Calculate the remainder when 20919 is divided by m(16).
19
Suppose 5*i - 243 - 367 = 0. Suppose -z - 31 = -31. Let s(b) = -b + 41. What is the remainder when i is divided by s(z)?
40
Suppose -x + 0*x + 16 - 7 = 0. Calculate the remainder when 15234 is divided by x.
6
Suppose -116*p - 139*p + 234*p = -3801. What is the remainder when 1077 is divided by p?
172
Suppose -3*y + 19 + 62 = 0. Suppose -17*u - 11*u + 320 + 2340 = 0. Calculate the remainder when u is divided by y.
14
Let x = 14 - -18. Suppose t = -6*s + 4*s + 30, 4*s - x = -t. Suppose q + q = t. What is the remainder when 44 is divided by q?
2
Let o(r) = r**2 + 9*r - 12. Let m = -10887 + 10942. What is the remainder when o(10) is divided by m?
13
Let f = 1019 + -982. Calculate the remainder when 45 is divided by f.
8
Suppose 13*k = -43*k + 45*k + 3146. Calculate the remainder when 873 is divided by k.
15
Let g = 111 + 98. Suppose 1700 + 4180 = 84*q. What is the remainder when g is divided by q?
69
Suppose -60110*s + 60124*s = 518. Calculate the remainder when (-5)/(1/42*-3) is divided by s.
33
What is the remainder when (5/10)/(2/272) is divided by (10 + 20)*3*(-28)/(-105)?
20
Let f(b) = -9*b - 10. Suppose 4*r = -4*m, -5*m - 3*r - 12 = -2*r. Let w(a) = -8*a**3 - 5*a - 4. Calculate the remainder when f(m) is divided by w(-1).
8
Let i = -6721 + 6979. Calculate the remainder when i is divided by 57.
30
Let m = -17012 - -17026. What is the remainder when 129 is divided by m?
3
Suppose 0 = 5*s - 4*y - 19743 + 5855, -4*y = 3*s - 8352. Calculate the remainder when s is divided by 164.
156
Suppose 451*s - 2825666 + 215304 - 60911 = 0. Calculate the remainder when s is divided by 76.
71
Suppose 12*j - 5*h - 279 = 0, 4*j + 47*h = 43*h + 76. Calculate the remainder when 36541 is divided by j.
21
Suppose -2*o - 3*y = -113 - 543, 0 = 5*o + 2*y - 1651. What is the remainder when o is divided by 57?
46
Suppose -11449*t = -11447*t - 5536. Calculate the remainder when t is divided by 84.
80
Suppose 4*d + 1574 = -5*w + 7*w, -2*w = d - 1594. Suppose 800*q - w*q - 320 = 0. What is the remainder when q is divided by 11?
9
What is the remainder when 27310 is divided by 96258/4026 + (0 + 2/(-1))/(-22)?
22
Suppose 0*o - 1208 = 8*o. Let p = o + 164. Calculate the remainder when 25 is divided by p.
12
Let l(t) = t**2 - 4*t - 45. Let i(g) = -67*g - 2. Calculate the remainder when i(-2) is divided by l(-6).
12
Let m = 183 - -33. Suppose 3*z - 69 = -3*o, 2*o + m = 5*z + 73. Calculate the remainder when z is divided by 15.
12
Suppose 16 = -4*j, -2*p = 4*j - 125 - 93. Suppose -3*f = a - p, 3*f - f - 65 = -5*a. What is the remainder when 77 is divided by f?
37
Let i be (18/5)/(1/(-30)). Suppose -247 + 6707 = 38*r. Let s = r + i. What is the remainder when s is divided by 32?
30
Let n(p) = 19*p**2 - 42*p + 14. Suppose 4*d + 8 = 0, 3*l + 3*d = -2*d + 20. Calculate the remainder when n(5) is divided by l.
9
Let n = 300 - 208. Let a = 104 - n. Calculate the remainder when (4/(-6))/((-2)/63) is divided by a.
9
Let f(o) = -7*o - 11. Suppose -4*j + 7*v - 25 = 4*v, v + 9 = -3*j. Calculate the remainder when f(j) is divided by 7.
3
Suppose -5 = -3*l + 4. Let p be ((-12)/4)/l - -39. Let n = -23 + p. What is the remainder when 72 is divided by n?
12
Suppose -7*g + 7620 = -14577. Calculate the remainder when g is divided by 138.
135
Let k(m) = -m**3 - 12*m**2 - 61*m + 27. Let q = 47 - 26. Calculate the remainder when k(-7) is divided by q.
20
Let c(z) = -z**2 - 77*z + 4798. What is the remainder when 232 is divided by c(-117)?
114
Let z(k) = 2*k**3 + 3*k**2 - 107*k + 138. Calculate the remainder when 864 is divided by z(0).
36
Let z(n) = -3*n**3 - n**2 + n + 1. Suppose -14*d + 52 = -16*d. Let x be d/10 + (-6)/(-10). What is the remainder when 54 is divided by z(x)?
16
Suppose 0 = -67*l + 62*l - 4*v + 313, 3*l - 2*v - 179 = 0. Calculate the remainder when 518 is divided by l.
30
Suppose -f - 4*f + 16 = s, -2*f = -4. Suppose -43*r = -2*r - 4264. Suppose 6*a - r = -7*a. What is the remainder when a is divided by s?
2
Suppose -15 = -5*s, -29 = -91*c + 89*c - 3*s. Calculate the remainder when 215 is divided by c.
5
Suppose 0 = -5*q + 2*i + 11, 0 = -3*q + 8*q + 5*i - 25. Suppose 18*f + 5*z + 901 = 19*f, 3*f - q*z = 2727. Calculate the remainder when f is divided by 83.
81
Suppose -5*p = -5*j + 5204 - 5934, 4*j = p - 143. Let z(w) = w**3 + w**2 + 11. What is the remainder when p is divided by z(0)?
4
Suppose 96*t - 77*t - 40394 = 0. Suppose -a - 2*d + 430 = -3*d, 0 = 5*a + d - t. Calculate the remainder when a is divided by 39.
36
Suppose -15*w - 611 - 1219 = 0. Let l = 132 + w. What is the remainder when 87 is divided by l?
7
Suppose 5*l - 11*z + 8*z = 413, 0 = -z - 1. What is the remainder when 240 is divided by l?
76
Suppose 0 = -47*y - 12*y + 15753. Suppose -y = -z - 162. What is the remainder when z is divided by 36?
33
Suppose -20*s - 1208 = 52. What is the remainder when (-2)/((-7)/s + 46/(-378)) is divided by 12?
9
What is the remainder when 505 is divided by (0 - 1)/1*(-84 - 22)?
81
Let v(y) = -379*y - 33315. Suppose -321 = -3*w + 165. What is the remainder when w is divided by v(-88)?
14
Let i(l) = -l**2 + 4*l - 3. Let y be i(3). Let r be y/((-3)/1 - -1). Suppose 4*b - 18 - 94 = r. What is the remainder when b is divided by 16?
12
Suppose -b + 24 = -13*b. Let h(n) = -3*n**3 - 3*n**2 - 3*n + 1. Let w = 106 - 55. Calculate the remainder when w is divided by h(b).
13
Let g be (12/4 - 5)/(4/(-46)). Let v = -41 + g. What is the remainder when (-3)/(v/(-4)) - (-336)/18 is divided by 10?
8
Let z(m) = -13*m - 2. Let d be z(-3). Suppose 198 = 5*v - d. What is the remainder when v is divided by 102/4 + 22 + 180/(-8)?
22
Suppose -10*b - 2866 + 7829 = -4487. Calculate the remainder when b is divided by 245.
210
Suppose -31*a - 7830 = -76*a. Suppose 640*w = 646*w - a. Calculate the remainder when 201 is divided by w.
27
Let x(p) = p**3 - 167*p**2 - 2534*p + 5. What is the remainder when 1 + 2/((-4)/(-10)) is divided by x(181)?
1
Suppose -3*f + 504 = 4*f. Suppose -3*v + 0*v - 3*r = -f, -v = -3*r - 20. Suppose -b = -2*b + 88. Calculate the remainder when b is divided by v.
19
Let p(d) = 5*d**2 - 103*d - 874. Calculate the remainder when p(-8) is divided by 96.
78
Let n = -162 + 177. Suppose -n*x + 16*x = 51. Calculate the remainder when 253 is divided by x.
49
Suppose 0 = 22*f - 908 - 522. Let w(h) = 3*h + 2. Let b be w(-12). Let y = b + 67. What is the remainder when f is divided by y?
32
Suppose -2*i = 5*d - 120, 50 + 18 = 3*d + 2*i. Let j(w) = 2*w - 6. Let k(g) = g**2 - g + 25. What is the remainder when j(d) is divided by k(0)?
21
Calculate the remainder when ((-4 - -6)/4)/(((-279)/6966)/(-31)) is divided by 87.
39
Let l = 15741 - 15725. What is the remainder when 457 is divided b